 what is 1 - 36?
-35
In base 8, what is -416 - 3?
-421
In base 6, what is -2 + -153?
-155
In base 2, what is 10 - -1000010010?
1000010100
In base 3, what is -12212 - 0?
-12212
In base 8, what is 6612 + 1?
6613
In base 2, what is 0 + 1001011001?
1001011001
In base 6, what is 3045 + 0?
3045
In base 15, what is 15 + 7?
1c
In base 5, what is 13 - 2?
11
In base 8, what is -4 + 34?
30
In base 8, what is 4476 + 3?
4501
In base 16, what is -c + 46?
3a
In base 6, what is -1 + 112?
111
In base 2, what is 100001 + -1111?
10010
In base 2, what is 10001101 + -1011?
10000010
In base 5, what is -1010 - -2?
-1003
In base 6, what is 125330 + 4?
125334
In base 14, what is -1 - a3?
-a4
In base 8, what is -405 - -2?
-403
In base 6, what is -4 - -112?
104
In base 4, what is -31 + -1002?
-1033
In base 2, what is 101 + -10100?
-1111
In base 13, what is 3c + -61?
-22
In base 14, what is 8 + 7c?
86
In base 8, what is -1032 + -4?
-1036
In base 4, what is 3 + 10032?
10101
In base 9, what is 4 + 3?
7
In base 7, what is -2 - -13?
11
In base 11, what is 525 + -1?
524
In base 5, what is 3 + -44331?
-44323
In base 14, what is 1d6 - -3?
1d9
In base 10, what is -381 - 0?
-381
In base 2, what is 1001010110 + 1011?
1001100001
In base 10, what is -2 - -42?
40
In base 15, what is 3d1 - -5?
3d6
In base 12, what is 1b + 11?
30
In base 13, what is -1 + -8?
-9
In base 8, what is 3 + -2325?
-2322
In base 15, what is 4 + 2a?
2e
In base 15, what is -116 - -4?
-112
In base 13, what is -146 + -3?
-149
In base 4, what is -11113 - 22?
-11201
In base 14, what is -28a + 4?
-286
In base 6, what is 1 + -24?
-23
In base 3, what is 1101 - -1122?
10000
In base 4, what is -20 + 101?
21
In base 6, what is 4 - 2354?
-2350
In base 9, what is -2 - -525?
523
In base 14, what is -260 - -4?
-25a
In base 15, what is -52e + 2?
-52c
In base 6, what is -24452 + 4?
-24444
In base 10, what is 27724 + -3?
27721
In base 6, what is -152 - 13?
-205
In base 4, what is 10 - -2031?
2101
In base 9, what is 1787 - -1?
1788
In base 9, what is 2 + 323?
325
In base 8, what is -3 - -12?
7
In base 14, what is 2c + 2?
30
In base 3, what is -11 - 100011?
-100022
In base 6, what is 4 - -50455?
50503
In base 8, what is 2 + 16?
20
In base 5, what is 1200 + 0?
1200
In base 10, what is 596 - -16?
612
In base 12, what is -5aa - 1?
-5ab
In base 10, what is -80 + 35?
-45
In base 12, what is 13 - 7?
8
In base 11, what is 10 - 1a99?
-1a89
In base 7, what is -2 - 110?
-112
In base 5, what is -120020 + 3?
-120012
In base 5, what is -3112 + -21?
-3133
In base 12, what is 1a0 - 0?
1a0
In base 5, what is -3030 - 23?
-3103
In base 6, what is 5 + -45?
-40
In base 2, what is 1001 + -101010?
-100001
In base 12, what is -83 + -9?
-90
In base 8, what is -1 - -1052?
1051
In base 3, what is 100021 - -12?
100110
In base 4, what is -121 - -2110?
1323
In base 14, what is -1 + 5c?
5b
In base 7, what is -2 - 54?
-56
In base 8, what is 222 + -1?
221
In base 7, what is -4 - 63?
-100
In base 16, what is 18f - -3?
192
In base 13, what is -2 - 15?
-17
In base 7, what is -11 + 4?
-4
In base 3, what is -20 - 100020?
-100110
In base 15, what is -3 - -708?
705
In base 6, what is 3 - 10?
-3
In base 7, what is 1 - 4?
-3
In base 2, what is 11100001 + -1110?
11010011
In base 9, what is -5 + -1463?
-1468
In base 12, what is -4 - 38?
-40
In base 2, what is -1001110011110 + 0?
-1001110011110
In base 4, what is -321 - 3?
-330
In base 4, what is -1000 + -1?
-1001
In base 6, what is -4 - 5?
-13
In base 4, what is -3 + -11012?
-11021
In base 9, what is -1 + -347?
-348
In base 12, what is 5 - -29?
32
In base 14, what is -36 + 6?
-30
In base 11, what is 148 + -2?
146
In base 10, what is -636 - -3?
-633
In base 5, what is -141 + -10?
-201
In base 12, what is 5 - -76?
7b
In base 2, what is -10 - -11011?
11001
In base 3, what is -2 - -122?
120
In base 6, what is 30 - 223?
-153
In base 15, what is 5 + -ee?
-e9
In base 10, what is 38 - -1?
39
In base 6, what is -41015 + -1?
-41020
In base 7, what is 4 + 14462?
14466
In base 5, what is 203 - 3?
200
In base 4, what is -201020 + 11?
-201003
In base 9, what is -47 + 7?
-40
In base 12, what is 10 + -14?
-4
In base 5, what is 1110 - 144?
411
In base 2, what is 11 - -10000011?
10000110
In base 11, what is -463 + 5?
-459
In base 16, what is 29 - -8e?
b7
In base 9, what is 3 - -260?
263
In base 7, what is -2 - 324?
-326
In base 9, what is 5 - 332?
-326
In base 7, what is 625 - -5?
633
In base 14, what is -16a - 0?
-16a
In base 11, what is 0 + 2208?
2208
In base 4, what is -32112 - 1?
-32113
In base 3, what is -2 - -1?
-1
In base 14, what is -6 + -27?
-2d
In base 12, what is 2 + 97?
99
In base 14, what is -11 - -a9?
98
In base 12, what is -5b - 2?
-61
In base 14, what is 1ca7 + -2?
1ca5
In base 8, what is 3 + 10161?
10164
In base 16, what is -14 - e8?
-fc
In base 14, what is 4c5 - -4?
4c9
In base 16, what is -b - 9e?
-a9
In base 6, what is 101 - 313?
-212
In base 12, what is 5ba + -1?
5b9
In base 5, what is -1 + -1020?
-1021
In base 14, what is 3 + 15?
18
In base 4, what is 2000 + 13?
2013
In base 16, what is 1 + 5?
6
In base 11, what is -9818 + -3?
-9820
In base 10, what is -30 + -21?
-51
In base 12, what is 5 - -313?
318
In base 13, what is 190 - -20?
1b0
In base 12, what is 153 + 0?
153
In base 8, what is -102 + 4?
-76
In base 7, what is 4 - 504?
-500
In base 16, what is 0 - 10e?
-10e
In base 9, what is -6633 - -2?
-6631
In base 13, what is -10a + -1?
-10b
In base 8, what is -3144 + -3?
-3147
In base 16, what is 2 - -292?
294
In base 3, what is 2111 - 200?
1211
In base 8, what is 1 + -1760?
-1757
In base 12, what is 0 + -64?
-64
In base 14, what is -1d - 2c?
-4b
In base 4, what is -3 - -132?
123
In base 7, what is 1 + -544?
-543
In base 9, what is 101 + -148?
-47
In base 4, what is 3 - -10310?
10313
In base 2, what is -100 + 1001010?
1000110
In base 8, what is -115 + 1?
-114
In base 16, what is -26b - -8?
-263
In base 9, what is -72 + 1?
-71
In base 7, what is -1 - 6631?
-6632
In base 10, what is 5525 + -4?
5521
In base 8, what is -53 - 200?
-253
In base 4, what is 3312 + 21?
3333
In base 9, what is 5 + -118?
-113
In base 8, what is 32 + -374?
-342
In base 14, what is 21 - 2?
1d
In base 3, what is -101 - 2?
-110
In base 6, what is -255 - 53?
-352
In base 5, what is -1 - -13220?
13214
In base 6, what is -2 - -1310?
1304
In base 4, what is 2003032 - 11?
2003021
In base 10, what is 357 - 1?
356
In base 2, what is -101001 - 10110?
-111111
In base 16, what is -2 - 36?
-38
In base 8, what is 34 + -15?
17
In base 16, what is 633 - 2?
631
In base 5, what is 4 - 2102?
-2043
In base 8, what is -53 + -3?
-56
In base 7, what is -330 + 3?
-324
In base 4, what is -11 - -112231?
112220
In base 11, what is 23 + 23?
46
In base 6, what is 23 - -24?
51
In base 12, what is 43 - 1?
42
In base 13, what is 21 + -1?
20
In base 7, what is -5 - -10110?
10102
In base 3, what is -2102 - 121?
-10000
In base 16, what is -f0 - 3?
-f3
In base 16, what is -4 - 655?
-659
In base 13, what is -aa - 2?
-ac
In base 5, what is -42 - 1013?
-1110
In base 2, what is -1110 + -1?
-1111
In base 4, what is -120030 - 20?
-120110
In base 2, what is -10100011010 + 101?
-10100010101
In base 9, what is -66 - -16?
-50
In base 12, what is 31 - -8?
39
In base 8, what is -553 - 0?
-553
In base 13, what is -126a + 2?
-1268
In base 14, what is 21 + 8?
29
In base 2, what is 10 + 10111101?
10111111
In base 4, what is -10 - 33?
-103
In base 2, what is 11 + -10011000?
-10010101
In base 3, what is 2000122100 + 12?
2000122112
In base 2, what is 1000 + -10?
110
In base 5, what is -3 - 1133?
-1141
In base 2, what is 1011 + 10001010?
10010101
In base 7, what is -4 + 521?
514
In base 16, what is 4 + 1d4?
1d8
In base 4, what is 1 + -32?
-31
In base 11, what is -5 + -23?
-28
In base 2, what is 110 - -1101?
10011
In base 12, what is -1a + -812?
-830
In base 15, what is -42 - -3?
-3e
In base 8, what is -570 + -15?
-605
In base 14, what is 3a - 32?
8
In base 5, what is 1 - 1024?
-1023
In base 13, what is 124 + 2?
126
In base 10, what is 2429 - 2?
2427
In base 3, what is 12 + 22?
111
In base 8, what is 0 - 760?
-760
In base 6, what is -245 - 1?
-250
In base 8, what is 4 + 5550?
5554
In base 8, what is -233 - -6?
-225
In base 2, what is 1000110 + 10101?
1011011
In base 6, what is 114 + 2?
120
In base 2, wh